{"id":35782,"date":"2024-11-24T17:59:53","date_gmt":"2024-11-24T16:59:53","guid":{"rendered":"https:\/\/melaniemaquinay.com\/?post_type=product&#038;p=35782"},"modified":"2024-11-27T20:22:15","modified_gmt":"2024-11-27T19:22:15","slug":"mug-fleur-dhiver","status":"publish","type":"product","link":"https:\/\/melaniemaquinay.com\/en\/product\/mug-fleur-dhiver\/","title":{"rendered":"Mug &#8220;FLEUR D&#8217;HIVER&#8221;"},"content":{"rendered":"<div>\n<p>FLEUR d&#8217;HIVER : mug en c\u00e9ramique est parfait pour tous les \u00e9v\u00e9nements de la journ\u00e9e : un caf\u00e9 du matin, un chocolat chaud. Le mug est d&#8217;un blanc brillant avec un bord, un int\u00e9rieur et une poign\u00e9e color\u00e9s. Les impressions sont superbes et \u00e9clatantes. L&#8217;impression conserve sa qualit\u00e9 et son \u00e9clat m\u00eame apr\u00e8s utilisation au micro-ondes et au lave-vaisselle.<\/p>\n<p>&#8211; Mug en c\u00e9ramique 325 ml (11 oz)<\/p>\n<p>&#8211; Va au micro-ondes<\/p>\n<p>&#8211; Bord, int\u00e9rieur et poign\u00e9e color\u00e9s<\/p>\n<p>&#8211; Zone d&#8217;impression blanche<\/p>\n<\/div>\n","protected":false},"excerpt":{"rendered":"<p>FLEUR d&#8217;HIVER : mug en c\u00e9ramique est parfait pour tous les \u00e9v\u00e9nements de la journ\u00e9e : un caf\u00e9 du matin, un chocolat chaud. Le mug est d&#8217;un blanc brillant avec un bord, un int\u00e9rieur et une poign\u00e9e color\u00e9s. Les impressions sont superbes et \u00e9clatantes. L&#8217;impression conserve sa qualit\u00e9 et son \u00e9clat m\u00eame apr\u00e8s utilisation au [&hellip;]<\/p>\n","protected":false},"featured_media":35780,"template":"","meta":{"_acf_changed":false,"iawp_total_views":13},"product_brand":[],"product_cat":[751,747],"product_tag":[763,770,759,769,758,761],"class_list":{"0":"post-35782","1":"product","2":"type-product","3":"status-publish","4":"has-post-thumbnail","6":"product_cat-accessoires","7":"product_cat-objet-dart","8":"product_tag-cafe","9":"product_tag-deco","10":"product_tag-mug","11":"product_tag-objet","12":"product_tag-tasse","13":"product_tag-vaisselle","15":"first","16":"instock","17":"taxable","18":"shipping-taxable","19":"purchasable","20":"product-type-simple"},"acf":[],"_links":{"self":[{"href":"https:\/\/melaniemaquinay.com\/en\/wp-json\/wp\/v2\/product\/35782","targetHints":{"allow":["GET"]}}],"collection":[{"href":"https:\/\/melaniemaquinay.com\/en\/wp-json\/wp\/v2\/product"}],"about":[{"href":"https:\/\/melaniemaquinay.com\/en\/wp-json\/wp\/v2\/types\/product"}],"wp:featuredmedia":[{"embeddable":true,"href":"https:\/\/melaniemaquinay.com\/en\/wp-json\/wp\/v2\/media\/35780"}],"wp:attachment":[{"href":"https:\/\/melaniemaquinay.com\/en\/wp-json\/wp\/v2\/media?parent=35782"}],"wp:term":[{"taxonomy":"product_brand","embeddable":true,"href":"https:\/\/melaniemaquinay.com\/en\/wp-json\/wp\/v2\/product_brand?post=35782"},{"taxonomy":"product_cat","embeddable":true,"href":"https:\/\/melaniemaquinay.com\/en\/wp-json\/wp\/v2\/product_cat?post=35782"},{"taxonomy":"product_tag","embeddable":true,"href":"https:\/\/melaniemaquinay.com\/en\/wp-json\/wp\/v2\/product_tag?post=35782"}],"curies":[{"name":"wp","href":"https:\/\/api.w.org\/{rel}","templated":true}]}}

<div>
<p>FLEUR d&#8217;HIVER : mug en céramique est parfait pour tous les événements de la journée : un café du matin, un chocolat chaud. Le mug est d&#8217;un blanc brillant avec un bord, un intérieur et une poignée colorés. Les impressions sont superbes et éclatantes. L&#8217;impression conserve sa qualité et son éclat même après utilisation au micro-ondes et au lave-vaisselle.</p>
<p>&#8211; Mug en céramique 325 ml (11 oz)</p>
<p>&#8211; Va au micro-ondes</p>
<p>&#8211; Bord, intérieur et poignée colorés</p>
<p>&#8211; Zone d&#8217;impression blanche</p>
</div>

<p>FLEUR d&#8217;HIVER : mug en céramique est parfait pour tous les événements de la journée : un café du matin, un chocolat chaud. Le mug est d&#8217;un blanc brillant avec un bord, un intérieur et une poignée colorés. Les impressions sont superbes et éclatantes. L&#8217;impression conserve sa qualité et son éclat même après utilisation au [&hellip;]</p>
