{"id":35721,"date":"2024-11-12T22:57:23","date_gmt":"2024-11-12T21:57:23","guid":{"rendered":"https:\/\/melaniemaquinay.com\/?post_type=product&#038;p=35721"},"modified":"2024-11-27T21:33:15","modified_gmt":"2024-11-27T20:33:15","slug":"mug-cartoon-yellow","status":"publish","type":"product","link":"https:\/\/melaniemaquinay.com\/en\/product\/mug-cartoon-yellow\/","title":{"rendered":"Mug &#8220;Cartoon&#8221; yellow"},"content":{"rendered":"<div>\n<p>&#8220;Cartoon&#8221; mug en c\u00e9ramique est parfait pour tous les \u00e9v\u00e9nements de la journ\u00e9e : un caf\u00e9 du matin, un chocolat chaud&#8230; Motif bas\u00e9 sur une peinture originale de Melanie Maquinay &#8221; ARTiviste &#8220;. Le mug est d&#8217;un blanc brillant avec un bord, un int\u00e9rieur et une poign\u00e9e color\u00e9s. Les impressions ressortent avec des couleurs vives. L&#8217;impression conserve sa qualit\u00e9 et son \u00e9clat m\u00eame apr\u00e8s l&#8217;utilisation au micro-ondes et au lave-vaisselle.<\/p>\n<p>&#8211; Mug en c\u00e9ramique 325 ml (11 oz)<\/p>\n<p>&#8211; Peut \u00eatre mis au micro-ondes<\/p>\n<p>&#8211; Bord, int\u00e9rieur et poign\u00e9e color\u00e9s<\/p>\n<p>&#8211; Zone d&#8217;impression blanche<\/p>\n<\/div>\n","protected":false},"excerpt":{"rendered":"<p>&#8220;Cartoon&#8221; mug en c\u00e9ramique est parfait pour tous les \u00e9v\u00e9nements de la journ\u00e9e : un caf\u00e9 du matin, un chocolat chaud&#8230; Motif bas\u00e9 sur une peinture originale de Melanie Maquinay &#8221; ARTiviste &#8220;. Le mug est d&#8217;un blanc brillant avec un bord, un int\u00e9rieur et une poign\u00e9e color\u00e9s. Les impressions ressortent avec des couleurs vives. [&hellip;]<\/p>\n","protected":false},"featured_media":35719,"template":"","meta":{"_acf_changed":false,"iawp_total_views":10},"product_brand":[],"product_cat":[751,747],"product_tag":[763,759,758,761],"class_list":{"0":"post-35721","1":"product","2":"type-product","3":"status-publish","4":"has-post-thumbnail","6":"product_cat-accessoires","7":"product_cat-objet-dart","8":"product_tag-cafe","9":"product_tag-mug","10":"product_tag-tasse","11":"product_tag-vaisselle","13":"first","14":"instock","15":"taxable","16":"shipping-taxable","17":"purchasable","18":"product-type-simple"},"acf":[],"_links":{"self":[{"href":"https:\/\/melaniemaquinay.com\/en\/wp-json\/wp\/v2\/product\/35721","targetHints":{"allow":["GET"]}}],"collection":[{"href":"https:\/\/melaniemaquinay.com\/en\/wp-json\/wp\/v2\/product"}],"about":[{"href":"https:\/\/melaniemaquinay.com\/en\/wp-json\/wp\/v2\/types\/product"}],"wp:featuredmedia":[{"embeddable":true,"href":"https:\/\/melaniemaquinay.com\/en\/wp-json\/wp\/v2\/media\/35719"}],"wp:attachment":[{"href":"https:\/\/melaniemaquinay.com\/en\/wp-json\/wp\/v2\/media?parent=35721"}],"wp:term":[{"taxonomy":"product_brand","embeddable":true,"href":"https:\/\/melaniemaquinay.com\/en\/wp-json\/wp\/v2\/product_brand?post=35721"},{"taxonomy":"product_cat","embeddable":true,"href":"https:\/\/melaniemaquinay.com\/en\/wp-json\/wp\/v2\/product_cat?post=35721"},{"taxonomy":"product_tag","embeddable":true,"href":"https:\/\/melaniemaquinay.com\/en\/wp-json\/wp\/v2\/product_tag?post=35721"}],"curies":[{"name":"wp","href":"https:\/\/api.w.org\/{rel}","templated":true}]}}

<div>
<p>&#8220;Cartoon&#8221; mug en céramique est parfait pour tous les événements de la journée : un café du matin, un chocolat chaud&#8230; Motif basé sur une peinture originale de Melanie Maquinay &#8221; ARTiviste &#8220;. Le mug est d&#8217;un blanc brillant avec un bord, un intérieur et une poignée colorés. Les impressions ressortent avec des couleurs vives. L&#8217;impression conserve sa qualité et son éclat même après l&#8217;utilisation au micro-ondes et au lave-vaisselle.</p>
<p>&#8211; Mug en céramique 325 ml (11 oz)</p>
<p>&#8211; Peut être mis au micro-ondes</p>
<p>&#8211; Bord, intérieur et poignée colorés</p>
<p>&#8211; Zone d&#8217;impression blanche</p>
</div>

<p>&#8220;Cartoon&#8221; mug en céramique est parfait pour tous les événements de la journée : un café du matin, un chocolat chaud&#8230; Motif basé sur une peinture originale de Melanie Maquinay &#8221; ARTiviste &#8220;. Le mug est d&#8217;un blanc brillant avec un bord, un intérieur et une poignée colorés. Les impressions ressortent avec des couleurs vives. [&hellip;]</p>
