{"id":35528,"date":"2024-09-12T17:04:47","date_gmt":"2024-09-12T15:04:47","guid":{"rendered":"https:\/\/melaniemaquinay.com\/?post_type=mec-events&#038;p=35528"},"modified":"2024-10-21T10:38:35","modified_gmt":"2024-10-21T08:38:35","slug":"portes-ouvertes-jde-2024-journee-decouverte-entreprises-sudmedia","status":"publish","type":"mec-events","link":"https:\/\/melaniemaquinay.com\/en\/events\/portes-ouvertes-jde-2024-journee-decouverte-entreprises-sudmedia\/","title":{"rendered":"PORTES OUVERTES : JDE 2024 (Journ\u00e9e D\u00e9couverte Entreprises SudMedia)"},"content":{"rendered":"<p>C&#8217;est un grand weekend de Portes Ouvertes qui s&#8217;annonce pour mon atelier !<br \/>\nLes 5 et 6 Octobre prochain je participe \u00e0 la JDE 2024 (Journ\u00e9e d\u00e9couverte entreprises ) un \u00e9v\u00e9nement organis\u00e9 par Sud Info depuis 30 ans et qui met en lumi\u00e8re des centaines d&#8217;entreprises, de PME et d&#8217;artisans en Wallonie<br \/>\n\u2728 \u2728 \u2728 \ud83d\udca1 \ud83d\udca1 \ud83d\udca1 \u2728 \u2728 \u2728<\/p>\n<p>C&#8217;est un petit challenge pour moi, de d\u00e9finir mon activit\u00e9 de solo entrepreneur dans la d\u00e9coration, l&#8217;art et la cr\u00e9ativit\u00e9 comme une &#8220;entreprise&#8221; et pourtant c&#8217;est bien ce que je suis \u2705<\/p>\n<p>Alors j&#8217;aurai \u00e0 coeur d&#8217;accueillir chaleureusement le public, de leur montrer des travaux en cours dans l&#8217;atelier, les 2 zones d&#8217;expo \u00e0 d\u00e9couvrir avec diff\u00e9rents travaux d&#8217;artistes.<\/p>\n<p>Au programme : des animations de peinture et de cr\u00e9ation collective pour adultes et enfants !<\/p>\n<p>Sans oublier le petit verre de l&#8217;amiti\u00e9 pour tous les visiteurs du weekend, curieux de d\u00e9couvrir un univers cr\u00e9atif et color\u00e9 \ud83e\udd42 \ud83e\udd42 \ud83e\udd42 \ud83c\udfa8 \ud83c\udfa8 \ud83c\udfa8<\/p>\n<p>Passez me rendre visite \u00e0 l&#8217;ANNEXE Atelier-Galerie \u00e0 cette occasion<br \/>\nADRESSE : Rue d&#8217;HEUR 43 &#8211; 4340 Oth\u00e9e (Awans)<\/p>\n<p>La campagne \u00e0 15 minutes de Li\u00e8ge<\/p>\n<p>5&amp;6 octobre 2024 (10h &#8211; 18h)<br \/>\nJDE 2024<\/p>\n","protected":false},"excerpt":{"rendered":"<p>C&#8217;est un grand weekend de Portes Ouvertes qui s&#8217;annonce pour mon atelier ! Les 5 et 6 Octobre prochain je participe \u00e0 la JDE 2024 (Journ\u00e9e d\u00e9couverte entreprises ) un \u00e9v\u00e9nement organis\u00e9 par Sud Info depuis 30 ans et qui met en lumi\u00e8re des centaines d&#8217;entreprises, de PME et d&#8217;artisans en Wallonie \u2728 \u2728 \u2728 [&hellip;]<\/p>\n","protected":false},"author":2,"featured_media":35529,"comment_status":"closed","ping_status":"closed","template":"","tags":[744],"mec_category":[67],"class_list":["post-35528","mec-events","type-mec-events","status-publish","has-post-thumbnail","hentry","tag-portes-ouvertes","mec_category-networking-entreprenariat-feminin"],"acf":[],"_links":{"self":[{"href":"https:\/\/melaniemaquinay.com\/en\/wp-json\/wp\/v2\/mec-events\/35528","targetHints":{"allow":["GET"]}}],"collection":[{"href":"https:\/\/melaniemaquinay.com\/en\/wp-json\/wp\/v2\/mec-events"}],"about":[{"href":"https:\/\/melaniemaquinay.com\/en\/wp-json\/wp\/v2\/types\/mec-events"}],"author":[{"embeddable":true,"href":"https:\/\/melaniemaquinay.com\/en\/wp-json\/wp\/v2\/users\/2"}],"replies":[{"embeddable":true,"href":"https:\/\/melaniemaquinay.com\/en\/wp-json\/wp\/v2\/comments?post=35528"}],"version-history":[{"count":1,"href":"https:\/\/melaniemaquinay.com\/en\/wp-json\/wp\/v2\/mec-events\/35528\/revisions"}],"predecessor-version":[{"id":35531,"href":"https:\/\/melaniemaquinay.com\/en\/wp-json\/wp\/v2\/mec-events\/35528\/revisions\/35531"}],"wp:featuredmedia":[{"embeddable":true,"href":"https:\/\/melaniemaquinay.com\/en\/wp-json\/wp\/v2\/media\/35529"}],"wp:attachment":[{"href":"https:\/\/melaniemaquinay.com\/en\/wp-json\/wp\/v2\/media?parent=35528"}],"wp:term":[{"taxonomy":"post_tag","embeddable":true,"href":"https:\/\/melaniemaquinay.com\/en\/wp-json\/wp\/v2\/tags?post=35528"},{"taxonomy":"mec_category","embeddable":true,"href":"https:\/\/melaniemaquinay.com\/en\/wp-json\/wp\/v2\/mec_category?post=35528"}],"curies":[{"name":"wp","href":"https:\/\/api.w.org\/{rel}","templated":true}]}}

PORTES OUVERTES : JDE 2024 (Journée Découverte Entreprises SudMedia)

<p>C&#8217;est un grand weekend de Portes Ouvertes qui s&#8217;annonce pour mon atelier !<br />
Les 5 et 6 Octobre prochain je participe à la JDE 2024 (Journée découverte entreprises ) un événement organisé par Sud Info depuis 30 ans et qui met en lumière des centaines d&#8217;entreprises, de PME et d&#8217;artisans en Wallonie<br />
✨ ✨ ✨ 💡 💡 💡 ✨ ✨ ✨</p>
<p>C&#8217;est un petit challenge pour moi, de définir mon activité de solo entrepreneur dans la décoration, l&#8217;art et la créativité comme une &#8220;entreprise&#8221; et pourtant c&#8217;est bien ce que je suis ✅</p>
<p>Alors j&#8217;aurai à coeur d&#8217;accueillir chaleureusement le public, de leur montrer des travaux en cours dans l&#8217;atelier, les 2 zones d&#8217;expo à découvrir avec différents travaux d&#8217;artistes.</p>
<p>Au programme : des animations de peinture et de création collective pour adultes et enfants !</p>
<p>Sans oublier le petit verre de l&#8217;amitié pour tous les visiteurs du weekend, curieux de découvrir un univers créatif et coloré 🥂 🥂 🥂 🎨 🎨 🎨</p>
<p>Passez me rendre visite à l&#8217;ANNEXE Atelier-Galerie à cette occasion<br />
ADRESSE : Rue d&#8217;HEUR 43 &#8211; 4340 Othée (Awans)</p>
<p>La campagne à 15 minutes de Liège</p>
<p>5&amp;6 octobre 2024 (10h &#8211; 18h)<br />
JDE 2024</p>

<p>C&#8217;est un grand weekend de Portes Ouvertes qui s&#8217;annonce pour mon atelier ! Les 5 et 6 Octobre prochain je participe à la JDE 2024 (Journée découverte entreprises ) un événement organisé par Sud Info depuis 30 ans et qui met en lumière des centaines d&#8217;entreprises, de PME et d&#8217;artisans en Wallonie ✨ ✨ ✨ [&hellip;]</p>
