{"id":35044,"date":"2024-06-11T20:14:12","date_gmt":"2024-06-11T18:14:12","guid":{"rendered":"https:\/\/melaniemaquinay.com\/events\/le-dimanche-arty-ceremonie-cacao\/"},"modified":"2024-06-18T23:14:42","modified_gmt":"2024-06-18T21:14:42","slug":"le-dimanche-arty-ceremonie-cacao","status":"publish","type":"mec-events","link":"https:\/\/melaniemaquinay.com\/en\/events\/le-dimanche-arty-ceremonie-cacao\/","title":{"rendered":"Le DIMANCHE ARTY : CEREMONIE CACAO"},"content":{"rendered":"<div class=\"xdj266r x11i5rnm xat24cr x1mh8g0r x1vvkbs\"><script>\n  if (typeof hasAmeliaEvent === 'undefined') {\n    var hasAmeliaEvent = true;\n  }\n  if (typeof hasEventApiCall === 'undefined' && '' === '') {\n    var hasEventApiCall = true;\n  }\n  var hasEventShortcode = (typeof hasEventShortcode === 'undefined') ? false : true;\n  var ameliaShortcodeData = (typeof ameliaShortcodeData === 'undefined') ? [] : ameliaShortcodeData;\n  ameliaShortcodeData.push(\n    {\n      'hasApiCall': (typeof hasEventApiCall !== 'undefined') && hasEventApiCall,\n      'trigger': '',\n      'trigger_type': '',\n      'triggered_form': 'elf',\n      'in_dialog': '',\n      'counter': '1000',\n      'employee': '',\n      'eventId': '13',\n      'eventRecurring': 0,\n      'eventTag': \"\",\n      'locationId': \"\"\n    }\n  );\n  var ameliaShortcodeDataTriggered = (typeof ameliaShortcodeDataTriggered === 'undefined') ? [] : ameliaShortcodeDataTriggered;\n  if (ameliaShortcodeData[ameliaShortcodeData.length - 1].trigger !== '') {\n    if (ameliaShortcodeDataTriggered.filter(a => a.counter === ameliaShortcodeData[ameliaShortcodeData.length - 1].counter).length === 0) {\n      ameliaShortcodeDataTriggered.push(ameliaShortcodeData.pop());\n    } else {\n      ameliaShortcodeData.pop()\n    }\n  }\n  if (typeof hasEventApiCall !== 'undefined' && hasEventApiCall) {\n    hasEventApiCall = false;\n  }\n<\/script>\n\n<div\n  id=\"amelia-v2-booking-1000\"\n  class=\"amelia-v2-booking\"\n>\n    <events-list-form-wrapper><\/div>\n<\/div>\n<div><\/div>\n<div class=\"xdj266r x11i5rnm xat24cr x1mh8g0r x1vvkbs\">COLLABORATION ENTRE WE ARE CURIOUS ASbL ( M\u00e9lanie)<\/div>\n<div class=\"xdj266r x11i5rnm xat24cr x1mh8g0r x1vvkbs\">et LA PAUSE ( Nathalie Budo, th\u00e9rapeute)<\/div>\n<div><\/div>\n<div class=\"xdj266r x11i5rnm xat24cr x1mh8g0r x1vvkbs\">Nous vous donnons rendez-vous pour une c\u00e9r\u00e9monie de pleine lune dans l&#8217;\u00e9nergie du cerf.<br class=\"html-br\" \/>A cette p\u00e9riode de l&#8217;ann\u00e9e, les jeunes cerfs ont de nouveaux bois compl\u00e8tement form\u00e9s et le processus de durcissement commence.<\/div>\n<div class=\"x11i5rnm xat24cr x1mh8g0r x1vvkbs xtlvy1s\">C&#8217;est le moment de la r\u00e9flexion et de la d\u00e9tente.<\/div>\n<div class=\"x11i5rnm xat24cr x1mh8g0r x1vvkbs xtlvy1s\">Nous laisserons la roue de m\u00e9decine guider notre esprit afin de trouver en nous les solutions pour amener plus de positif dans notre vie et consolider nos r\u00e9ussites.<br class=\"html-br\" \/>Nous avons tous et toutes des envies, des projets, des changements et la roue de m\u00e9decine sera un soutien pour comprendre o\u00f9 nous en sommes et comment faire \u00e9voluer la situation en reliance avec les cycles de la vie.<\/div>\n<div class=\"x11i5rnm xat24cr x1mh8g0r x1vvkbs xtlvy1s\">A quoi s&#8217;attendre?<\/div>\n<div class=\"x11i5rnm xat24cr x1mh8g0r x1vvkbs xtlvy1s\">Nous vous emm\u00e8nerons dans un rituel de coeur et de lumi\u00e8re.<br class=\"html-br\" \/>Nous explorerons les r\u00e9ponses qui sont en nous \u00e0 la lumi\u00e8re des 4 directions et du cacao sacr\u00e9.<br class=\"html-br\" \/>Une temps de cr\u00e9ation intuitive permettra \u00e0 notre esprit d&#8217;exprimer dans la mati\u00e8re et la couleur les messages de la m\u00e9ditation au tambour.<br class=\"html-br\" \/>Un temps de partage cl\u00f4turera le cercle.<\/div>\n<div class=\"x11i5rnm xat24cr x1mh8g0r x1vvkbs xtlvy1s\">Venez avec :<br class=\"html-br\" \/>&#8211; une tasse pour le cacao<br class=\"html-br\" \/>&#8211; une offrande pour l&#8217;autel ( objet symbolique, photo, min\u00e9raux&#8230;)<br class=\"html-br\" \/>&#8211; un tapis<br class=\"html-br\" \/>&#8211; un coussin<br class=\"html-br\" \/>&#8211; une gourde d&#8217;eau<\/div>\n<div class=\"x11i5rnm xat24cr x1mh8g0r x1vvkbs xtlvy1s\">Participation: 40\u20ac<\/div>\n<div class=\"x11i5rnm xat24cr x1mh8g0r x1vvkbs xtlvy1s\">Horaire: dimanche 21 juillet de 15h \u00e0 18h30<\/div>\n<div class=\"x11i5rnm xat24cr x1mh8g0r x1vvkbs xtlvy1s\">Inscription: info@la-pause-therapie.be<\/div>\n<div class=\"x11i5rnm xat24cr x1mh8g0r x1vvkbs xtlvy1s\">Bienvenue \u00e0 tous et toutes pour ce moment de lumi\u00e8re<\/div>\n<div><\/div>\n","protected":false},"excerpt":{"rendered":"<p>COLLABORATION ENTRE WE ARE CURIOUS ASbL ( M\u00e9lanie) et LA PAUSE ( Nathalie Budo, th\u00e9rapeute) Nous vous donnons rendez-vous pour une c\u00e9r\u00e9monie de pleine lune dans l&#8217;\u00e9nergie du cerf.A cette p\u00e9riode de l&#8217;ann\u00e9e, les jeunes cerfs ont de nouveaux bois compl\u00e8tement form\u00e9s et le processus de durcissement commence. C&#8217;est le moment de la r\u00e9flexion et [&hellip;]<\/p>\n","protected":false},"author":2,"featured_media":35042,"comment_status":"closed","ping_status":"closed","template":"","tags":[],"mec_category":[43],"class_list":["post-35044","mec-events","type-mec-events","status-publish","has-post-thumbnail","hentry","mec_category-journee-dexpression-libre"],"acf":[],"_links":{"self":[{"href":"https:\/\/melaniemaquinay.com\/en\/wp-json\/wp\/v2\/mec-events\/35044","targetHints":{"allow":["GET"]}}],"collection":[{"href":"https:\/\/melaniemaquinay.com\/en\/wp-json\/wp\/v2\/mec-events"}],"about":[{"href":"https:\/\/melaniemaquinay.com\/en\/wp-json\/wp\/v2\/types\/mec-events"}],"author":[{"embeddable":true,"href":"https:\/\/melaniemaquinay.com\/en\/wp-json\/wp\/v2\/users\/2"}],"replies":[{"embeddable":true,"href":"https:\/\/melaniemaquinay.com\/en\/wp-json\/wp\/v2\/comments?post=35044"}],"version-history":[{"count":3,"href":"https:\/\/melaniemaquinay.com\/en\/wp-json\/wp\/v2\/mec-events\/35044\/revisions"}],"predecessor-version":[{"id":35068,"href":"https:\/\/melaniemaquinay.com\/en\/wp-json\/wp\/v2\/mec-events\/35044\/revisions\/35068"}],"wp:featuredmedia":[{"embeddable":true,"href":"https:\/\/melaniemaquinay.com\/en\/wp-json\/wp\/v2\/media\/35042"}],"wp:attachment":[{"href":"https:\/\/melaniemaquinay.com\/en\/wp-json\/wp\/v2\/media?parent=35044"}],"wp:term":[{"taxonomy":"post_tag","embeddable":true,"href":"https:\/\/melaniemaquinay.com\/en\/wp-json\/wp\/v2\/tags?post=35044"},{"taxonomy":"mec_category","embeddable":true,"href":"https:\/\/melaniemaquinay.com\/en\/wp-json\/wp\/v2\/mec_category?post=35044"}],"curies":[{"name":"wp","href":"https:\/\/api.w.org\/{rel}","templated":true}]}}

<div class="xdj266r x11i5rnm xat24cr x1mh8g0r x1vvkbs"><script>
  if (typeof hasAmeliaEvent === 'undefined') {
    var hasAmeliaEvent = true;
  }
  if (typeof hasEventApiCall === 'undefined' && '' === '') {
    var hasEventApiCall = true;
  }
  var hasEventShortcode = (typeof hasEventShortcode === 'undefined') ? false : true;
  var ameliaShortcodeData = (typeof ameliaShortcodeData === 'undefined') ? [] : ameliaShortcodeData;
  ameliaShortcodeData.push(
    {
      'hasApiCall': (typeof hasEventApiCall !== 'undefined') && hasEventApiCall,
      'trigger': '',
      'trigger_type': '',
      'triggered_form': 'elf',
      'in_dialog': '',
      'counter': '1000',
      'employee': '',
      'eventId': '13',
      'eventRecurring': 0,
      'eventTag': "",
      'locationId': ""
    }
  );
  var ameliaShortcodeDataTriggered = (typeof ameliaShortcodeDataTriggered === 'undefined') ? [] : ameliaShortcodeDataTriggered;
  if (ameliaShortcodeData[ameliaShortcodeData.length - 1].trigger !== '') {
    if (ameliaShortcodeDataTriggered.filter(a => a.counter === ameliaShortcodeData[ameliaShortcodeData.length - 1].counter).length === 0) {
      ameliaShortcodeDataTriggered.push(ameliaShortcodeData.pop());
    } else {
      ameliaShortcodeData.pop()
    }
  }
  if (typeof hasEventApiCall !== 'undefined' && hasEventApiCall) {
    hasEventApiCall = false;
  }
</script>

<div
  id="amelia-v2-booking-1000"
  class="amelia-v2-booking"
>
    <events-list-form-wrapper></div>
</div>
<div></div>
<div class="xdj266r x11i5rnm xat24cr x1mh8g0r x1vvkbs">COLLABORATION ENTRE WE ARE CURIOUS ASbL ( Mélanie)</div>
<div class="xdj266r x11i5rnm xat24cr x1mh8g0r x1vvkbs">et LA PAUSE ( Nathalie Budo, thérapeute)</div>
<div></div>
<div class="xdj266r x11i5rnm xat24cr x1mh8g0r x1vvkbs">Nous vous donnons rendez-vous pour une cérémonie de pleine lune dans l&#8217;énergie du cerf.<br class="html-br" />A cette période de l&#8217;année, les jeunes cerfs ont de nouveaux bois complètement formés et le processus de durcissement commence.</div>
<div class="x11i5rnm xat24cr x1mh8g0r x1vvkbs xtlvy1s">C&#8217;est le moment de la réflexion et de la détente.</div>
<div class="x11i5rnm xat24cr x1mh8g0r x1vvkbs xtlvy1s">Nous laisserons la roue de médecine guider notre esprit afin de trouver en nous les solutions pour amener plus de positif dans notre vie et consolider nos réussites.<br class="html-br" />Nous avons tous et toutes des envies, des projets, des changements et la roue de médecine sera un soutien pour comprendre où nous en sommes et comment faire évoluer la situation en reliance avec les cycles de la vie.</div>
<div class="x11i5rnm xat24cr x1mh8g0r x1vvkbs xtlvy1s">A quoi s&#8217;attendre?</div>
<div class="x11i5rnm xat24cr x1mh8g0r x1vvkbs xtlvy1s">Nous vous emmènerons dans un rituel de coeur et de lumière.<br class="html-br" />Nous explorerons les réponses qui sont en nous à la lumière des 4 directions et du cacao sacré.<br class="html-br" />Une temps de création intuitive permettra à notre esprit d&#8217;exprimer dans la matière et la couleur les messages de la méditation au tambour.<br class="html-br" />Un temps de partage clôturera le cercle.</div>
<div class="x11i5rnm xat24cr x1mh8g0r x1vvkbs xtlvy1s">Venez avec :<br class="html-br" />&#8211; une tasse pour le cacao<br class="html-br" />&#8211; une offrande pour l&#8217;autel ( objet symbolique, photo, minéraux&#8230;)<br class="html-br" />&#8211; un tapis<br class="html-br" />&#8211; un coussin<br class="html-br" />&#8211; une gourde d&#8217;eau</div>
<div class="x11i5rnm xat24cr x1mh8g0r x1vvkbs xtlvy1s">Participation: 40€</div>
<div class="x11i5rnm xat24cr x1mh8g0r x1vvkbs xtlvy1s">Horaire: dimanche 21 juillet de 15h à 18h30</div>
<div class="x11i5rnm xat24cr x1mh8g0r x1vvkbs xtlvy1s">Inscription: info@la-pause-therapie.be</div>
<div class="x11i5rnm xat24cr x1mh8g0r x1vvkbs xtlvy1s">Bienvenue à tous et toutes pour ce moment de lumière</div>
<div></div>

<p>COLLABORATION ENTRE WE ARE CURIOUS ASbL ( Mélanie) et LA PAUSE ( Nathalie Budo, thérapeute) Nous vous donnons rendez-vous pour une cérémonie de pleine lune dans l&#8217;énergie du cerf.A cette période de l&#8217;année, les jeunes cerfs ont de nouveaux bois complètement formés et le processus de durcissement commence. C&#8217;est le moment de la réflexion et [&hellip;]</p>
